 + (-18 - -6) + 21.
-18
Evaluate (-58 - (13 + -35)) + 45.
9
What is the value of 2 - (-2 - 3 - (-16 + -12 + 8))?
-13
1 - 7 - (285 + -280)
-11
What is -38 + 75 - 28 - 1?
8
What is the value of -20 + 50 + (39 - 77)?
-8
What is (-6 - (0 + -19 + 16 + -9)) + -27?
-21
What is the value of -4 + -2 + (-12 - -19) + (-6 - 0)?
-5
Calculate (3 - (2 - 7)) + -22 + 36 + -18.
4
What is (-2 + 22 - 8) + -5?
7
Evaluate (18 - (12 - 11)) + -14.
3
-1 + -7 - (423 + -450)
19
(8 - (9 + -6 - -14)) + 1
-8
What is the value of 9 - -3 - (13 + -10)?
9
What is the value of (4 - -1) + (-4 - -3) - (8 - 7)?
3
Evaluate (15 - -2) + (-5 - 7) - 22.
-17
-7 + -6 + 10 + -7 + (10 - -9)
9
Calculate -20 - 0 - (40 + -73 - 16).
29
What is -1 + -17 + (-4 + 18 - 7)?
-11
0 + 15 - (-132 - -128 - (1 + 4))
24
-21 + ((1 - 10) + 26 + -5 - 2)
-11
What is the value of 10 - 14 - (-6 + 1) - (1 - -12)?
-12
What is -15 - (-9 + -2 - (1 - 3 - 4))?
-10
What is the value of -6 + (-1 - (7 + -14)) - (3 - 2)?
-1
What is -5 + 4 - (3 + -3) - 8?
-9
What is 0 - (4 + -3) - (5 - -1)?
-7
Evaluate (-188 - -186) + (0 - 1) + -14 + 14.
-3
Calculate 0 - -2 - -25 - 21.
6
What is 143 - 152 - (-4 + -11 + 5)?
1
What is -6 + 4 - -19 - 27?
-10
Calculate (5 - 20) + 5 - -21.
11
Calculate (-3 - (7 + -24) - 23) + 30.
21
(-25 + 10 - -1) + (-3 - -1) - 0
-16
Calculate 13 - (-8 - -37) - -6.
-10
Calculate 0 - 4 - (5 + -13 + 2).
2
Calculate 13 + (-16 - -6 - -6) - -1.
10
5 + -2 + 351 + -336
18
What is the value of -9 + -3 + (4 - -10)?
2
What is the value of 4 + -1 - (-7 - (9 - 28))?
-9
What is the value of -1 - -4 - (40 + 0) - -8 - -2?
-27
Evaluate 9 + (48 - -1 - (-535 - -555)).
38
Calculate -7 - (-16 - ((-2 - -3) + (-1 - 4))).
5
What is (-19 - -41) + -12 + -2 - 23?
-15
What is the value of -15 - (-10 - (-4 - 0)) - -20?
11
-46 + 31 + -2 + 26
9
What is the value of 0 - 11 - (49 + -36 + 2 + -10)?
-16
What is 4 + (2 - 5) - 12 - (1 - 0)?
-12
Calculate -25 - -9 - ((9 - 4) + 7).
-28
What is the value of 12 + (7 - (-11 + 34 + -5))?
1
-14 + 6 + -6 - (-9 - -3)
-8
Evaluate (11 + 11 - 31) + 22.
13
What is 0 + 2 + -3 + (0 + -1 - -4)?
2
What is the value of -5 - (-9 + (-8 - -7)) - (3 + 1)?
1
(2 - 3) + -6 + (70 + -20 - 18)
25
Evaluate 5 + 24 + -12 - 9.
8
What is (-11 + 1 - (16 - 20)) + 0 + 15?
9
Calculate -17 + -9 + 20 + (22 - -3).
19
Calculate (-26 + -14 + 29 - -23) + -5.
7
What is (1 - 30 - -6) + 3?
-20
Evaluate -9 + 36 - (-3 + -1) - (92 + -84).
23
What is 9 - (-11 + (-2 + 6 - -3))?
13
Calculate 0 + (-14 - (6 + (10 + -4 - 15))).
-11
What is 26 - 1 - (-120 + 136 + (-23 - 2))?
34
Evaluate 1 + (7 - (-11 + 4 - -11)).
4
(-1 - 6 - -5) + (-9 - -4) + -6
-13
Calculate (2 - 1) + (3 + -20 - -11).
-5
Evaluate 15 - (-12 + 22 + 8).
-3
What is the value of -19 + -4 + 34 + -18?
-7
Calculate (-6 - (5 - 11)) + (31 - 12).
19
Evaluate 2 + -11 + -2 - (5 + -6 - -2).
-12
Calculate -43 + 8 + 11 - -17.
-7
Evaluate (0 - (19 + -7) - -20) + -3.
5
What is the value of 1 - (64 - 14) - -40?
-9
3 + -8 - 6 - (-21 - 15)
25
What is the value of -8 - (-3 + (-5 - -3) - (-5 - 2))?
-10
What is the value of 15 + (-35 + 6 - -25)?
11
What is the value of 2 - (6 + -18) - (-1 + 6)?
9
What is 8 + 9 + -9 + -10?
-2
What is -3 + 2 + -10 - (-131 - -127)?
-7
Calculate -27 + -5 + 4 + (5 - 5).
-28
Calculate (3 - ((-5 - 1) + 33 + -28)) + 2.
6
Evaluate -10 + (15 - 4) + -23 + 12.
-10
What is the value of (1 - (-5 + -11)) + -10 + 3 + 2?
12
What is the value of (38 + -27 - 5) + -18?
-12
What is the value of -10 - (-14 - (-4 + -8))?
-8
What is -1 - -19 - -9 - (5 - -5)?
17
Calculate -1275 - -1311 - (0 + -1 - -19).
18
Evaluate 0 + -5 + (-3 - 1) + 19 + -13.
-3
What is the value of -14 - (9 + (-5 - 0) - 8)?
-10
What is the value of 2 + (-7 - -6) + 8 + (1 - 8)?
2
Evaluate 9 - (-2 + 26) - -19.
4
What is 6 + -18 + 16 + 4?
8
What is 7 + (7 - 31) + 11?
-6
Calculate 3 - (-20 - (-9 - 1)) - 24.
-11
What is -11 + -35 + 24 + 22?
0
Evaluate (76 - 134 - -52) + (-1 - (0 + -2)).
-5
Calculate -15 - 1 - (-18 + 25) - 6.
-29
-5 + (-8 - -6) + (-3 + 10 - 1)
-1
What is -39 + 0 - (98 + -96 - (5 + 2))?
-34
Evaluate 209 - 193 - (1 - -1).
14
Calculate 109 - 20 - 20 - 38.
31
What is -9 - (-27 + 12 + -15)?
21
Calculate 3 - (-7 + (26 - 14)) - -2.
0
Calculate (49 - 54) + 0 + 18.
13
-23 - (2 - 6) - (-3 - (-16 - -14))
-18
Calculate 1 - (13 - 17) - (-6 + -1).
12
What is 7 + -1 + -1 + -13 + -4 + 10?
-2
What is the value of -13 + (2 - 6) - -9?
-8
What is the value of (-10 + 12 - (-1 + 7)) + -2?
-6
Calculate 1 + -1 + -5 + 6 - -1.
2
Evaluate 20 - (-13 - -35) - (-18 - 1).
17
Evaluate (-3 - 0 - (-76 - -72)) + -3.
-2
What is (6 + -1 - 1) + -6 + 4?
2
What is the value of 3 + -13 - (-16 + -9)?
15
Calculate (-31 - (-23 - 19)) + 2 + -1.
12
Calculate 2 + (-2 - -12 - 7) + 6.
11
What is the value of 5 + -12 + 8 - (-3 + -3)?
7
What is (5 - 10 - (3 + -7)) + -9 + -2?
-12
What is the value of 3 + (-19 - (-7 + 5))?
-14
Evaluate (4 - 1) + (0 - (-10 + 4 + 2)).
7
Evaluate -4 - (-1 + 4) - (-23 - -30).
-14
Evaluate -9 - ((6 - 2) + 8 - 6 - 5).
-10
What is 1 + 20 - (-286 - -297)?
10
Evaluate 29 + 11 + -21 + -9.
10
Evaluate (-22 - -29) + (-2 - -13) + -12.
6
(11 - 7 - (8 - 11)) + -5 + -2
0
What is 12 + -5 - (-5 + -6 + 30 - 10)?
-2
Evaluate -29 - 1 - (57 - 79 - -10).
-18
Calculate 1784 - 1777 - (10 + -1).
-2
What is the value of (-24 - -11) + (19 - 22 - 12)?
-28
What is (-276 - -258) + 8 + -1?
-11
What is -5 + (9 - 2 - 1)?
1
What is the value of -12 + -1 + 6 - (1 + -11)?
3
Calculate -57 + 61 + (-3 - (-4 + -1)).
6
What is the value of 7 - (1 + (7 - (3 - -4)) + 22)?
-16
Calculate 20 - (-8 + 6 - -37).
-15
Calculate 12 + (30 - 20 - 16).
6
Evaluate -16 - ((-17 - 20) + 24).
-3
Calculate 2 + -10 + 3 + 80 + -61.
14
What is the value of -6 + (-7 - (-8 - (-2 - -7)) - 19)?
-19
Evaluate 4 + -6 - (-7 + (1 + -1 - 1)).
6
Evaluate 0 + 1 + (4 - 16 - -11) + -5.
-5
What is 75 - 56 - (0 - -13)?
6
What is 36 + -39 + (4 + 2 - 2) + -2?
-1
What is 389 + -413 - (1 + -26)?
1
What is (10 - (3 - 1)) + (-3 - -14) + -1?
18
What is the value of -1 - ((19 - 4) + -14 + -10)?
8
What is -1 - (5 - 10) - (5 - -2)?
-3
What is (0 - -1) + 15 + (-1839 - -1826)?
3
What is 15 - (4 - 1) - ((-5 - 3) + 23)?
-3
Evaluate 13 + (2 - (-9 + 5 + 4 + 5)).
10
What is the value of (10 - 0) + (-8 + -11 - -7)?
-2
Evaluate 22 + (-5 - (-1 - ((12 - 8) + -9))).
13
What is 7 + (3 - -2) + 4 + -15 + -2?
-1
What is the value of 4 + 13 - (1 - -7 - 8)?
17
Calculate 7 + (7 - (3 - -12)).
-1
Evaluate -1 - 1 - ((1 - -10) + -3 + -2).
-8
What is the value of (3 - -15 - 9) + -5 - -9?
13
What is 1 - (0 - 2) - (-228 - -232) - 2?
-3
Calculate (17 - -4) + 44 + -31 + -13.
21
What is the value of 42 + (9 - (-11 + 43))?
19
What is (-7 - -36 - 18) + 27?
38
What is (13 - (4 + (7 - 6))) + 2 + -9?
1
Calculate -188 + 147 - (-42 + 2).
-1
Evaluate 28 + -14 + -9 + -13.
-8
What is the value of 1 - ((-16 - (-5 + -1)) + 6)?
5
Calculate -2 - (1 + 37) - -58.
18
Calculate -31 - -22 - ((-21 - 4) + (-3 - 1)).
20
What is 15 + -4 - 6 - (3 + -5)?
7
Calculate -61 - (-28 - -5) - -22.
-16
What is the value of 3 - ((-33 - -24) + 1 + (-1 - -4))?
8
What is -6 + 4 - (-1 - (3 - (5 + -5)))?
2
Calculate -6 + -10 + -4 + 8.
-12
Evaluate (-8 - -17 - (3 + -4)) + -4.
6
What is the value of (11 - -41) + -30 + -19?
3
What is the value of -12 + (20 - 29) + (-4 - (1 - 5))?
-21
What is -26 - (-33 + (13 - -6))?
-12
Calculate (-52 - -27) + -8 + 26.
-7
What is 5 + (5 - 4) + 7 + 6?
19
What is the value of (16 - 24) + -16 + 8?
-16
Calculate (2 - 0) + (99 - 108) + 8 - 2.
-1
What is 1 - (-9 - (3 - 4)) - 0?
9
Evaluate (-2 - -2) + -5 + (62 - 61) + -6.
-10
What is the value of -105 + (70 - 6) - (0 + -2)?
-39
Calculate 0 + 8 + 0 + 0 + -3.
5
Calculate 19 - 5 - (13 - -11).
-10
-1 + 20 + (11 + -16 + -1 - -10)
23
What is the value of 11 - (3 + (-5 - 1 - 0) + 2)?
12
Evaluate -37 + -5 + 0 + 22 + -15.
-35
What is the value of (0 - -12) + 212 + -216 - 16?
-8
Calculate -204 + 199 + 2 + -2 + 3 + 0.
-2
What is (5 - 39) + 42 + -21?
-13
What is the value of 33 - -27 - 38 - 6?
16
6 - -40 - (67 + -31)
10
What is (17 - 3) + (9 - 31)?
-8
What is -4 - ((1 - 4 - -10) + -7 - -9)?
-13
What is (13 - 17) + 10 + -8 + 2?
0
What is the value of (-133 - -127) + -4 + (3 - 2)?
-9
What is 3 - 5 - (128 - 131)?
1
What is the value of -5 + 13 + -3 + 13 + 0?
18
Evaluate 2 - 17 - (2 + -8).
-9
What is the value of -8 + -14 - 12 -